
4
What is the remainder when 2497 is divided by 49?
47
What is the remainder when 1408 is divided by 40?
8
Calculate the remainder when 183 is divided by 33.
18
What is the remainder when 832 is divided by 167?
164
Calculate the remainder when 710 is divided by 55.
50
What is the remainder when 232 is divided by 47?
44
What is the remainder when 167 is divided by 41?
3
Calculate the remainder when 212 is divided by 8.
4
Calculate the remainder when 1515 is divided by 751.
13
Calculate the remainder when 831 is divided by 43.
14
What is the remainder when 482 is divided by 131?
89
Calculate the remainder when 3652 is divided by 607.
10
Calculate the remainder when 1104 is divided by 79.
77
What is the remainder when 284 is divided by 29?
23
Calculate the remainder when 469 is divided by 43.
39
What is the remainder when 986 is divided by 164?
2
Calculate the remainder when 298 is divided by 83.
49
What is the remainder when 492 is divided by 66?
30
What is the remainder when 38 is divided by 22?
16
What is the remainder when 559 is divided by 39?
13
What is the remainder when 2150 is divided by 14?
8
Calculate the remainder when 551 is divided by 261.
29
Calculate the remainder when 27 is divided by 17.
10
Calculate the remainder when 693 is divided by 208.
69
Calculate the remainder when 452 is divided by 7.
4
What is the remainder when 166 is divided by 80?
6
Calculate the remainder when 41955 is divided by 126.
123
What is the remainder when 998 is divided by 332?
2
Calculate the remainder when 6539 is divided by 15.
14
Calculate the remainder when 1986 is divided by 166.
160
Calculate the remainder when 8 is divided by 6.
2
What is the remainder when 906 is divided by 299?
9
What is the remainder when 133 is divided by 44?
1
Calculate the remainder when 154 is divided by 138.
16
Calculate the remainder when 95 is divided by 24.
23
Calculate the remainder when 78 is divided by 69.
9
What is the remainder when 240 is divided by 228?
12
Calculate the remainder when 1249 is divided by 180.
169
Calculate the remainder when 896 is divided by 108.
32
What is the remainder when 45 is divided by 4?
1
What is the remainder when 1112 is divided by 23?
8
Calculate the remainder when 408 is divided by 69.
63
Calculate the remainder when 330 is divided by 329.
1
What is the remainder when 542 is divided by 89?
8
What is the remainder when 498 is divided by 12?
6
Calculate the remainder when 7180 is divided by 8.
4
What is the remainder when 271 is divided by 141?
130
What is the remainder when 579 is divided by 65?
59
Calculate the remainder when 253 is divided by 17.
15
Calculate the remainder when 5804 is divided by 252.
8
What is the remainder when 191 is divided by 12?
11
Calculate the remainder when 425 is divided by 27.
20
Calculate the remainder when 489 is divided by 14.
13
What is the remainder when 997 is divided by 45?
7
Calculate the remainder when 409 is divided by 23.
18
What is the remainder when 373 is divided by 49?
30
Calculate the remainder when 133 is divided by 17.
14
Calculate the remainder when 50 is divided by 11.
6
What is the remainder when 72 is divided by 60?
12
Calculate the remainder when 396 is divided by 5.
1
Calculate the remainder when 291 is divided by 27.
21
What is the remainder when 403 is divided by 201?
1
Calculate the remainder when 7449 is divided by 207.
204
What is the remainder when 599 is divided by 75?
74
Calculate the remainder when 117 is divided by 62.
55
Calculate the remainder when 219 is divided by 71.
6
What is the remainder when 790 is divided by 194?
14
What is the remainder when 28 is divided by 8?
4
Calculate the remainder when 96 is divided by 25.
21
What is the remainder when 578 is divided by 9?
2
Calculate the remainder when 220 is divided by 57.
49
What is the remainder when 515 is divided by 107?
87
What is the remainder when 4028 is divided by 126?
122
What is the remainder when 107 is divided by 51?
5
What is the remainder when 226 is divided by 29?
23
Calculate the remainder when 922 is divided by 80.
42
What is the remainder when 93 is divided by 15?
3
Calculate the remainder when 148 is divided by 25.
23
Calculate the remainder when 463 is divided by 15.
13
What is the remainder when 222 is divided by 2?
0
What is the remainder when 238 is divided by 63?
49
What is the remainder when 83536 is divided by 221?
219
What is the remainder when 6343 is divided by 167?
164
Calculate the remainder when 1925 is divided by 29.
11
What is the remainder when 2387 is divided by 43?
22
Calculate the remainder when 556 is divided by 43.
40
What is the remainder when 714 is divided by 120?
114
What is the remainder when 68 is divided by 10?
8
Calculate the remainder when 67 is divided by 15.
7
What is the remainder when 33 is divided by 17?
16
Calculate the remainder when 887 is divided by 23.
13
Calculate the remainder when 151 is divided by 116.
35
Calculate the remainder when 268 is divided by 75.
43
Calculate the remainder when 358 is divided by 32.
6
Calculate the remainder when 560 is divided by 142.
134
Calculate the remainder when 589 is divided by 85.
79
What is the remainder when 1256 is divided by 71?
49
Calculate the remainder when 185 is divided by 114.
71
What is the remainder when 434 is divided by 44?
38
Calculate the remainder when 147 is divided by 25.
22
Calculate the remainder when 756 is divided by 350.
56
Calculate the remainder when 226 is divided by 3.
1
Calculate the remainder when 8224 is divided by 2734.
22
What is the remainder when 6296 is divided by 150?
146
Calculate the remainder when 13136 is divided by 30.
26
What is the remainder when 117 is divided by 14?
5
What is the remainder when 5004 is divided by 91?
90
Calculate the remainder when 131 is divided by 59.
13
What is the remainder when 2662 is divided by 6?
4
What is the remainder when 61 is divided by 19?
4
What is the remainder when 38 is divided by 15?
8
Calculate the remainder when 119 is divided by 39.
2
What is the remainder when 1587 is divided by 314?
17
What is the remainder when 289 is divided by 14?
9
Calculate the remainder when 339 is divided by 19.
16
Calculate the remainder when 398 is divided by 79.
3
Calculate the remainder when 780 is divided by 22.
10
What is the remainder when 41 is divided by 11?
8
Calculate the remainder when 4735 is divided by 16.
15
Calculate the remainder when 183 is divided by 99.
84
Calculate the remainder when 22789 is divided by 154.
151
What is the remainder when 7508 is divided by 47?
35
Calculate the remainder when 27743 is divided by 179.
177
What is the remainder when 338 is divided by 17?
15
Calculate the remainder when 3515 is divided by 390.
5
Calculate the remainder when 130 is divided by 36.
22
What is the remainder when 222 is divided by 45?
42
Calculate the remainder when 129 is divided by 48.
33
Calculate the remainder when 467 is divided by 39.
38
What is the remainder when 177 is divided by 7?
2
Calculate the remainder when 97 is divided by 84.
13
What is the remainder when 924 is divided by 18?
6
Calculate the remainder when 1178 is divided by 301.
275
Calculate the remainder when 1415 is divided by 43.
39
Calculate the remainder when 286 is divided by 18.
16
What is the remainder when 209 is divided by 84?
41
Calculate the remainder when 17 is divided by 14.
3
Calculate the remainder when 130 is divided by 76.
54
Calculate the remainder when 139 is divided by 24.
19
What is the remainder when 112 is divided by 51?
10
What is the remainder when 761 is divided by 62?
17
What is the remainder when 510 is divided by 130?
120
What is the remainder when 71 is divided by 9?
8
Calculate the remainder when 236 is divided by 229.
7
Calculate the remainder when 174 is divided by 12.
6
What is the remainder when 981 is divided by 82?
79
Calculate the remainder when 159 is divided by 48.
15
Calculate the remainder when 131 is divided by 23.
16
What is the remainder when 18909 is divided by 96?
93
Calculate the remainder when 240 is divided by 32.
16
Calculate the remainder when 476 is divided by 30.
26
What is the remainder when 87 is divided by 22?
21
What is the remainder when 555 is divided by 226?
103
Calculate the remainder when 341 is divided by 105.
26